829 prime?
True
Is 330520909 a prime number?
False
Is 3773171 a prime number?
True
Is 7273699 composite?
True
Is 6024371 a prime number?
True
Is 65902547 composite?
False
Is 4627549 a composite number?
False
Is 64949 a composite number?
True
Is 90962617 a prime number?
False
Is 44884699 a composite number?
False
Is 41919901 composite?
True
Is 32389657 prime?
True
Is 1567471 composite?
True
Is 126464867 a composite number?
False
Is 1965983165 a composite number?
True
Is 24759733 composite?
False
Is 1717883 composite?
True
Is 103908647 a prime number?
True
Is 1369871 prime?
True
Is 54474029 a prime number?
True
Is 6797653 a composite number?
True
Is 211075327 prime?
False
Is 2155849 composite?
False
Is 3469727 prime?
True
Is 1276811 a composite number?
True
Is 91123651 prime?
True
Is 2121767 a composite number?
False
Is 318954509 prime?
True
Is 442961 a prime number?
True
Is 133989887 prime?
False
Is 1362919 a composite number?
False
Is 440219 composite?
True
Is 254213651 a composite number?
False
Is 132081227 prime?
False
Is 257743 a prime number?
False
Is 62002851 a composite number?
True
Is 840967 a prime number?
True
Is 62809 a prime number?
False
Is 11094443 composite?
True
Is 78868597 a prime number?
True
Is 38848001 a composite number?
False
Is 871363 a composite number?
True
Is 16414351 composite?
True
Is 5423947 composite?
False
Is 51422129 a prime number?
False
Is 208668431 a composite number?
True
Is 169274221 a composite number?
False
Is 545171677 prime?
True
Is 646045 prime?
False
Is 52656577 prime?
True
Is 1811077 prime?
False
Is 12246167 a prime number?
False
Is 7495361 prime?
True
Is 22448059 composite?
True
Is 4891879 composite?
False
Is 10199911 a prime number?
True
Is 339366715 a prime number?
False
Is 1118563 a prime number?
True
Is 74249641 a composite number?
True
Is 31547953 a prime number?
True
Is 31350881 a composite number?
False
Is 9427417 prime?
False
Is 17843541 composite?
True
Is 600889 prime?
True
Is 38126615 a composite number?
True
Is 15111191 prime?
False
Is 18691507 prime?
True
Is 279748069 a prime number?
True
Is 1095553759 prime?
False
Is 55921049 a composite number?
False
Is 2270893 prime?
True
Is 30770351 composite?
True
Is 2718622 a composite number?
True
Is 11331899 a composite number?
False
Is 10020097 a composite number?
False
Is 894685793 a prime number?
True
Is 2976041 composite?
True
Is 3307589 composite?
True
Is 13446317 prime?
True
Is 12641 a composite number?
False
Is 3006337 a composite number?
True
Is 4976137 a composite number?
False
Is 44433743 composite?
True
Is 2197529 prime?
False
Is 19730747 composite?
False
Is 11752693 composite?
False
Is 46759477 composite?
True
Is 2129203 prime?
True
Is 73235137 composite?
True
Is 173764523 prime?
True
Is 77547803 composite?
True
Is 138459001 prime?
True
Is 7932751 a prime number?
False
Is 18743969 prime?
True
Is 172721 a composite number?
False
Is 457739 composite?
False
Is 15849893 composite?
False
Is 80599 a composite number?
False
Is 19152851 a prime number?
True
Is 43652393 composite?
True
Is 315038561 composite?
False
Is 464174093 composite?
False
Is 293802221 prime?
False
Is 127792597 composite?
False
Is 2554969 composite?
False
Is 24159671 composite?
False
Is 1132627 composite?
False
Is 27836741 prime?
True
Is 1609627 a prime number?
True
Is 508800191 a composite number?
True
Is 14466887 a prime number?
False
Is 22591633 a prime number?
True
Is 6603229 a composite number?
False
Is 1513013 composite?
False
Is 384798743 composite?
True
Is 388115809 prime?
True
Is 42869683 prime?
False
Is 44492209 a composite number?
False
Is 1450339 a composite number?
True
Is 3858619 a composite number?
True
Is 24324155 prime?
False
Is 388823 composite?
False
Is 3068699 a prime number?
True
Is 725611 prime?
False
Is 84159917 composite?
False
Is 73111529 a prime number?
True
Is 1965713 prime?
False
Is 300489499 a prime number?
False
Is 96038903 prime?
True
Is 3969473 a prime number?
False
Is 44482983 composite?
True
Is 944651 composite?
False
Is 48719039 prime?
True
Is 206756581 prime?
True
Is 120787297 a prime number?
False
Is 655387001 composite?
True
Is 31176121 composite?
False
Is 173726893 prime?
False
Is 104355257 a prime number?
True
Is 7481237 a prime number?
False
Is 405997033 a prime number?
False
Is 73642003 a prime number?
False
Is 240012082 a composite number?
True
Is 17744813 a prime number?
False
Is 408093911 a composite number?
False
Is 19185799 composite?
False
Is 426757 a prime number?
True
Is 14605477 composite?
True
Is 7891867 prime?
True
Is 301016489 a composite number?
True
Is 23290787 a prime number?
False
Is 32800081 prime?
True
Is 68964247 composite?
True
Is 2372191 a composite number?
False
Is 64519993 prime?
True
Is 11531281 a composite number?
True
Is 1428463 a composite number?
True
Is 4985909 composite?
False
Is 19318521 a composite number?
True
Is 1900733 composite?
False
Is 89926037 a composite number?
False
Is 4795861 a composite number?
True
Is 2106019 a composite number?
False
Is 201459183 a prime number?
False
Is 7260931 composite?
True
Is 24339454 prime?
False
Is 12553901 composite?
False
Is 98395123 prime?
True
Is 7135813 a composite number?
False
Is 101062031 prime?
False
Is 2766521 prime?
True
Is 12659165 composite?
True
Is 56397997 composite?
False
Is 41809211 a composite number?
False
Is 3881099 prime?
False
Is 89672879 a prime number?
True
Is 612271 a composite number?
True
Is 2586685 a composite number?
True
Is 11233777 a prime number?
False
Is 26896907 a prime number?
False
Is 39963701 a prime number?
True
Is 71882021 prime?
False
Is 1466519 a composite number?
False
Is 12851149 composite?
True
Is 155069 composite?
False
Is 401973283 composite?
False
Is 3605617 prime?
True
Is 569451061 composite?
False
Is 859109 prime?
True
Is 45550453 prime?
False
Is 18452543 composite?
False
Is 3544739 composite?
True
Is 424631 a prime number?
False
Is 831431 a composite number?
False
Is 10251611 composite?
False
Is 2581027 a composite number?
False
Is 1818647 a prime number?
True
Is 1264969 composite?
False
Is 1639459 a composite number?
False
Is 5390995 composite?
True
Is 5147287 prime?
False
Is 5478211 prime?
True
Is 4165457 composite?
True
Is 4418231 prime?
False
Is 1986047 a composite number?
True
Is 474102215 a composite number?
True
Is 5462707 prime?
False
Is 2376559 composite?
False
Is 512873 a prime number?
False
Is 142209191 a composite number?
False
Is 1425934 a composite number?
True
Is 9182969 prime?
False
Is 3550979 a composite number?
False
Is 3830177 a prime number?
False
Is 30957421 composite?
True
Is 19060889 a composite number?
False
Is 1610088355 prime?
False
Is 31638181 a composite number?
False
Is 393544121 composite?
True
Is 14758519 a prime number?
True
Is 8037919 prime?
True
Is 126956393 composite?
True
Is 59346263 prime?
False
Is 120066157 a composite number?
False
Is 428585 a prime number?
False
Is 26445577 prime?
True
Is 95823857 composite?
False
Is 5241233 prime?
False
Is 45178817 prime?
False
Is 57921667 composite?
False
Is 704951959 a composite number?
False
Is 348319 composite?
True
Is 237382957 prime?
False
Is 55552411 a composite number?
False
Is 231943 prime?
True
Is 68243297 prime?
True
Is 2864441 a prime number?
True
Is 12734233 a composite number?
False
Is 376097 prime?
True
Is 9312377 prime?
True
Is 17689169 composite?
False
Is 15262243 prime?
False
Is 364811401 a composite number?
False
Is 5711 composite?
False
Is 14585645 a composite number?
True
Is 33792197 a prime number?
True
Is 48492259 prime?
True
Is 12147659 a prime number?
True
Is 37222417 composite?
False
Is 153113977 a prime number?
False
Is 59354017 a composite number?
True
Is 1258079 prime?
True
Is 14890019 composite?
False
Is 13072067 a prime number?
True
Is 1600817 a prime number?
False
Is 46068427 a prime number?
True
Is 23653621 a prime number?
False
Is 2603501 composite?
True
Is 20226874 a composite number?
True
Is 37430611 composite?
False
Is 19056727 prime?
True
Is 12248391 prime?
False
Is 245100833 a composite number?
False
Is 1333523 a composite number?
True
Is 1774566353 prime?
False
Is 10387649 composite?
False
Is 9577973 a prime number?
True
Is 1441151 a composite number?
False
Is 59265643 a composite number?
False
I